{"id":588,"date":"2012-02-04T22:06:43","date_gmt":"2012-02-04T21:06:43","guid":{"rendered":"http:\/\/www.gladiole.pl\/?page_id=588"},"modified":"2015-04-22T09:38:35","modified_gmt":"2015-04-22T07:38:35","slug":"spis-tresci","status":"publish","type":"page","link":"https:\/\/www.gladiole.pl\/?page_id=588","title":{"rendered":"Spis Tre\u015bci."},"content":{"rendered":"<h3>\u00a0<strong>\u00a0\u00a0 Spis Tre\u015bci &#8211; z archiwum &#8211; po klikni\u0119ciu w dany miesi\u0105c<span style=\"color: #ff6600;\"> w archiwum post\u00f3w (po prawej stronie)<\/span> wy\u015bwietl\u0105 si\u0119 materia\u0142y.<\/strong><br \/>\n<strong>\u00a0\u00a0\u00a0 \u00a0 \u00a0 <span style=\"color: #993300;\"> grudzie\u0144 2009.<\/span> <\/strong><br \/>\n<strong>1\u00a0 Przygotowanie i sadzenie mieczyk\u00f3w cz. I. \u00a0<a href=\" www.gladiole.pl\/?p=38\">\u00a0<\/a><\/strong><span style=\"font-size: 13px; font-weight: normal;\"><a href=\" www.gladiole.pl\/?p=38\">www.gladiole.pl\/?p=38<\/a><\/span><\/h3>\n<h3><strong style=\"font-size: 1.17em;\">2\u00a0 Przygotowanie i sadzenie mieczyk\u00f3w. Cz\u0119\u015b\u0107 II \u00a0 \u00a0<a href=\" www.gladiole.pl\/?p=41\">www.gladiole.pl\/?p=41<\/a><\/strong><\/h3>\n<h3><strong>3. Pytanie o zapylanie mieczyk\u00f3w<\/strong><br \/>\n<strong>\u00a0\u00a0\u00a0 \u00a0 \u00a0 <span style=\"color: #993300;\"> stycze\u0144 2010<\/span><\/strong><br \/>\n<strong>1. Jak spowolni\u0107 starzenie cebulek mieczyk\u00f3w.<\/strong><br \/>\n<strong>2. Jak stworzy\u0107 kolekcj\u0119 mieczyk\u00f3w.<\/strong><br \/>\n<strong>\u00a0\u00a0\u00a0\u00a0\u00a0\u00a0\u00a0<span style=\"color: #993300;\"> \u00a0 luty 2010<\/span><\/strong><br \/>\n<strong>1. Co zrobi\u0107 je\u015bli w czasie sk\u0142adowania mieczyk\u00f3w znaleziono wciornastki.<\/strong><br \/>\n<strong>2. Zalecenia na luty i marzec.<\/strong><br \/>\n<strong>\u00a0\u00a0\u00a0\u00a0\u00a0 \u00a0 \u00a0 <span style=\"color: #993300;\">marzec 2010<\/span><\/strong><br \/>\n<strong>1. Dlaczego mieczyki zmieniaj\u0105 kolory.<\/strong><br \/>\n<strong>2. Dzie\u0144 Kobiet. Przed\u0142u\u017canie trwa\u0142o\u015bci kwiat\u00f3w ci\u0119tych.<\/strong><br \/>\n<strong>3. Jak wybra\u0107 i przygotowa\u0107 miejsce do sadzenia mieczyk\u00f3w .<\/strong><br \/>\n<strong>\u00a0\u00a0\u00a0\u00a0\u00a0\u00a0\u00a0\u00a0\u00a0<span style=\"color: #993300;\"> sierpie\u0144 2010<\/span>\u00a0 &#8211; odnowienie materia\u0142\u00f3w po awarii serwera (atak konkurencji ?).<\/strong><br \/>\n<strong>1. Uprawa mieczyk\u00f3w z cebulek przybyszowych.<\/strong><br \/>\n<strong>2. Zalecenia na lipiec i sierpie\u0144. Choroby mieczyk\u00f3w c.d.<\/strong><br \/>\n<strong>3. Sucha zgnilizna mieczyk\u00f3w.<\/strong><br \/>\n<strong>4. Jak chroni\u0107 mieczyki przed wciornastkami.<\/strong><br \/>\n<strong>5. Zalecenia na czerwiec.<\/strong><br \/>\n<strong>6. Dziwna ta wiosna 2010.<\/strong><br \/>\n<strong>7. Nawo\u017cenie pog\u0142\u00f3wne mieczyk\u00f3w.<\/strong><br \/>\n<strong>8. Uprawa mieczyk\u00f3w w pojemnikach.<\/strong><br \/>\n<strong>9. Kondolencje\u00a0 &#8211; po katastrofie samolotu prezydenckiego.<\/strong><br \/>\n<strong>\u00a0\u00a0\u00a0\u00a0\u00a0\u00a0\u00a0\u00a0\u00a0<span style=\"color: #993300;\">\u00a0 wrzesie\u0144 2010<\/span><\/strong><br \/>\n<strong>1. Szara Ple\u015b\u0144.<\/strong><br \/>\n<strong>2. Wykopywanie mieczyk\u00f3w.<\/strong><br \/>\n<span style=\"color: #993300;\"><strong>\u00a0\u00a0\u00a0\u00a0\u00a0\u00a0\u00a0\u00a0\u00a0\u00a0 pa\u017adziernik 2010<\/strong><\/span><br \/>\n<strong>1. Suszenie i czyszczenie cebul mieczyk\u00f3w.<\/strong><br \/>\n<strong>\u00a0\u00a0\u00a0\u00a0\u00a0\u00a0\u00a0\u00a0\u00a0\u00a0<span style=\"color: #993300;\"> listopad 2010<\/span><\/strong><br \/>\n<strong>1. Suszenie i czyszczenie mieczyk\u00f3w c.d.<\/strong><br \/>\n<strong>2. Pytanie o kolor cebulek mieczyk\u00f3w.<\/strong><br \/>\n<strong>\u00a0\u00a0\u00a0\u00a0\u00a0\u00a0\u00a0\u00a0\u00a0\u00a0<span style=\"color: #993300;\"> grudzie\u0144 2010<\/span><\/strong><br \/>\n<strong>1. Jak wybra\u0107 najlepsze cebulki mieczyk\u00f3w do sadzenia.<\/strong><br \/>\n<strong>\u00a0\u00a0\u00a0\u00a0\u00a0\u00a0\u00a0\u00a0\u00a0\u00a0<span style=\"color: #993300;\">\u00a0 stycze\u0144 2011<\/span><\/strong><br \/>\n<strong>1. Przyjazne s\u0105siedztwo mieczyk\u00f3w.<\/strong><br \/>\n<strong>2. Troch\u0119 statystyki.<\/strong><br \/>\n<strong>\u00a0\u00a0\u00a0\u00a0\u00a0\u00a0\u00a0\u00a0\u00a0\u00a0\u00a0<span style=\"color: #993300;\"> luty 2011<\/span><\/strong><br \/>\n<strong>1. Zalecenia na luty i marzec -odnowienie materia\u0142u.<\/strong><br \/>\n<strong>2. Stowarzyszenie GLADIRIS.<\/strong><br \/>\n<strong>\u00a0\u00a0\u00a0\u00a0\u00a0\u00a0\u00a0\u00a0\u00a0\u00a0\u00a0<span style=\"color: #993300;\"> marzec 2011<\/span><\/strong><br \/>\n<strong>1. \u017byczenia\u00a0 &#8211; Dzie\u0144 Kobiet.<\/strong><br \/>\n<strong>2. Pytanie \u2013 \u201eJak zaprawia\u0107 cebulki mieczyk\u00f3w\u201d.<\/strong><br \/>\n<strong>3. Kr\u00f3tki poradnik uprawy mieczyk\u00f3w.<\/strong><br \/>\n<strong>\u00a0\u00a0<span style=\"color: #993300;\"> \u00a0 \u00a0 \u00a0 \u00a0\u00a0 maj\u00a0 2011<\/span><\/strong><br \/>\n<strong>1. Beatyfikacja i odpowied\u017a na pytanie.<\/strong><br \/>\n<strong>\u00a0\u00a0 \u00a0 \u00a0 \u00a0 \u00a0 <span style=\"color: #993300;\"> czerwiec 2011<\/span><\/strong><br \/>\n<strong>\u00a01. Nawo\u017cenie pog\u0142\u00f3wne mieczyk\u00f3w.<\/strong><br \/>\n<strong>\u00a0 \u00a0 \u00a0 \u00a0 \u00a0 \u00a0 \u00a0<span style=\"color: #993300;\">lipiec\u00a0 2011<\/span><\/strong><br \/>\n<strong>1. Zaginanie kwiatostan\u00f3w mieczyk\u00f3w.<\/strong><br \/>\n<strong>\u00a0 \u00a0 \u00a0 \u00a0 \u00a0\u00a0 \u00a0<span style=\"color: #993300;\">wrzesie\u0144\u00a0 2011<\/span><\/strong><br \/>\n<strong>1.Za\u0142amywanie Ko\u0144c\u00f3wek Kwiatostan\u00f3w. Czas wykopywania.<\/strong><br \/>\n<strong>\u00a0 \u00a0 \u00a0 \u00a0 \u00a0 \u00a0 <span style=\"color: #993300;\"> pa\u017adziernik 2011<\/span><\/strong><br \/>\n<strong>1.\u00a0 Czyszczenie cebul mieczyk\u00f3w. Odpowied\u017a na pytania.<\/strong><br \/>\n<strong>\u00a0 \u00a0 \u00a0 \u00a0 \u00a0\u00a0 <span style=\"color: #993300;\"> Listopad 2011<\/span><\/strong><br \/>\n<strong>1. Katalog mieczyk\u00f3w na sezon 2011\/2012<\/strong><br \/>\n<strong>\u00a0 \u00a0 \u00a0 \u00a0 \u00a0\u00a0 <span style=\"color: #993300;\"> grudzie\u0144 2011<\/span><\/strong><br \/>\n<strong>1. Drugie urodziny bloga.<\/strong><br \/>\n<strong>2. Noworoczne \u017cyczenia.<\/strong><br \/>\n<strong>\u00a0 \u00a0 \u00a0 \u00a0 \u00a0 \u00a0 <span style=\"color: #993300;\"> stycze\u0144 2012<\/span><\/strong><br \/>\n<strong>1. Zalecenia na stycze\u0144 i luty. Film na You TUBE.<\/strong><\/h3>\n","protected":false},"excerpt":{"rendered":"<p>\u00a0\u00a0\u00a0 Spis Tre\u015bci &#8211; z archiwum &#8211; po klikni\u0119ciu w dany miesi\u0105c w archiwum post\u00f3w (po prawej stronie) wy\u015bwietl\u0105 si\u0119 materia\u0142y. \u00a0\u00a0\u00a0 \u00a0 \u00a0 grudzie\u0144 2009. 1\u00a0 Przygotowanie i sadzenie mieczyk\u00f3w cz. I. \u00a0\u00a0www.gladiole.pl\/?p=38 2\u00a0 Przygotowanie i sadzenie mieczyk\u00f3w. Cz\u0119\u015b\u0107 II \u00a0 \u00a0www.gladiole.pl\/?p=41 3. Pytanie o zapylanie mieczyk\u00f3w \u00a0\u00a0\u00a0 \u00a0 \u00a0 stycze\u0144 2010 1. Jak [&hellip;]<\/p>\n","protected":false},"author":2,"featured_media":0,"parent":0,"menu_order":0,"comment_status":"open","ping_status":"open","template":"","meta":{"footnotes":""},"class_list":["post-588","page","type-page","status-publish","hentry"],"_links":{"self":[{"href":"https:\/\/www.gladiole.pl\/index.php?rest_route=\/wp\/v2\/pages\/588","targetHints":{"allow":["GET"]}}],"collection":[{"href":"https:\/\/www.gladiole.pl\/index.php?rest_route=\/wp\/v2\/pages"}],"about":[{"href":"https:\/\/www.gladiole.pl\/index.php?rest_route=\/wp\/v2\/types\/page"}],"author":[{"embeddable":true,"href":"https:\/\/www.gladiole.pl\/index.php?rest_route=\/wp\/v2\/users\/2"}],"replies":[{"embeddable":true,"href":"https:\/\/www.gladiole.pl\/index.php?rest_route=%2Fwp%2Fv2%2Fcomments&post=588"}],"version-history":[{"count":6,"href":"https:\/\/www.gladiole.pl\/index.php?rest_route=\/wp\/v2\/pages\/588\/revisions"}],"predecessor-version":[{"id":590,"href":"https:\/\/www.gladiole.pl\/index.php?rest_route=\/wp\/v2\/pages\/588\/revisions\/590"}],"wp:attachment":[{"href":"https:\/\/www.gladiole.pl\/index.php?rest_route=%2Fwp%2Fv2%2Fmedia&parent=588"}],"curies":[{"name":"wp","href":"https:\/\/api.w.org\/{rel}","templated":true}]}}